{"id":454,"date":"2022-12-31T10:02:35","date_gmt":"2022-12-31T09:02:35","guid":{"rendered":"http:\/\/phylacteres-bd.fr\/?page_id=454"},"modified":"2022-12-31T12:44:28","modified_gmt":"2022-12-31T11:44:28","slug":"celine-labriet-ceel","status":"publish","type":"page","link":"https:\/\/phylacteres-bd.fr\/index.php\/portofolio\/celine-labriet-ceel\/","title":{"rendered":"C\u00e9line Labriet (Ceel)"},"content":{"rendered":"\n<div class=\"wp-block-cover alignfull\" style=\"min-height:361px;aspect-ratio:unset;\"><span aria-hidden=\"true\" class=\"wp-block-cover__background has-background-dim-0 has-background-dim\"><\/span><img data-recalc-dims=\"1\" loading=\"lazy\" decoding=\"async\" width=\"1200\" height=\"487\" class=\"wp-block-cover__image-background wp-image-126\" alt=\"\" src=\"https:\/\/i0.wp.com\/phylacteres-bd.fr\/wp-content\/uploads\/2022\/12\/ban-phylacteres-1.jpg?resize=1200%2C487\" data-object-fit=\"cover\" srcset=\"https:\/\/i0.wp.com\/phylacteres-bd.fr\/wp-content\/uploads\/2022\/12\/ban-phylacteres-1.jpg?w=2000&amp;ssl=1 2000w, https:\/\/i0.wp.com\/phylacteres-bd.fr\/wp-content\/uploads\/2022\/12\/ban-phylacteres-1.jpg?resize=300%2C122&amp;ssl=1 300w, https:\/\/i0.wp.com\/phylacteres-bd.fr\/wp-content\/uploads\/2022\/12\/ban-phylacteres-1.jpg?resize=1024%2C415&amp;ssl=1 1024w, https:\/\/i0.wp.com\/phylacteres-bd.fr\/wp-content\/uploads\/2022\/12\/ban-phylacteres-1.jpg?resize=768%2C311&amp;ssl=1 768w, https:\/\/i0.wp.com\/phylacteres-bd.fr\/wp-content\/uploads\/2022\/12\/ban-phylacteres-1.jpg?resize=1536%2C623&amp;ssl=1 1536w\" sizes=\"auto, (max-width: 1200px) 100vw, 1200px\" \/><div class=\"wp-block-cover__inner-container is-layout-flow wp-block-cover-is-layout-flow\">\n<p><\/p>\n<\/div><\/div>\n\n\n\n<div class=\"wp-block-cover alignwide\"><span aria-hidden=\"true\" class=\"wp-block-cover__background has-nv-site-bg-background-color has-background-dim-100 has-background-dim\"><\/span><div class=\"wp-block-cover__inner-container is-layout-flow wp-block-cover-is-layout-flow\">\n<div style=\"height:50px\" aria-hidden=\"true\" class=\"wp-block-spacer\"><\/div>\n\n\n\n<p class=\"has-text-align-center has-neve-text-color-color has-text-color has-large-font-size\"><strong>C\u00e9line Labriet (alias Ceel)<\/strong><\/p>\n\n\n\n<hr class=\"wp-block-separator has-alpha-channel-opacity\"\/>\n\n\n\n<div class=\"wp-block-columns has-neve-text-color-color has-text-color is-layout-flex wp-container-core-columns-is-layout-9d6595d7 wp-block-columns-is-layout-flex\">\n<div class=\"wp-block-column has-neve-text-color-color has-text-color is-layout-flow wp-block-column-is-layout-flow\" style=\"flex-basis:66.66%\">\n<p class=\"has-nv-c-2-color has-text-color\"><strong>(Dessinateur &#8211; sc\u00e9nariste &#8211; coloriste &#8211; maquettiste)<\/strong><\/p>\n\n\n\n<ul class=\"wp-block-list\">\n<li>N\u00e9 le 12&nbsp;d\u00e9cembre 1979<\/li>\n\n\n\n<li>R\u00e9sidant \u00e0&nbsp;Marly (57)<\/li>\n\n\n\n<li><strong>Phylact\u00e8res :<\/strong> Membre depuis 2006<\/li>\n\n\n\n<li>Illustratrice, sc\u00e9nariste et surtout coloriste professionnelle.<\/li>\n<\/ul>\n<\/div>\n\n\n\n<div class=\"wp-block-column is-layout-flow wp-block-column-is-layout-flow\" style=\"flex-basis:33.33%\">\n<figure class=\"wp-block-image size-full animated fadeInRight ticss-daaffaba\"><img data-recalc-dims=\"1\" loading=\"lazy\" decoding=\"async\" width=\"500\" height=\"500\" src=\"https:\/\/i0.wp.com\/phylacteres-bd.fr\/wp-content\/uploads\/2022\/12\/membres-ceel.jpg?resize=500%2C500\" alt=\"\" class=\"wp-image-522\" srcset=\"https:\/\/i0.wp.com\/phylacteres-bd.fr\/wp-content\/uploads\/2022\/12\/membres-ceel.jpg?w=500&amp;ssl=1 500w, https:\/\/i0.wp.com\/phylacteres-bd.fr\/wp-content\/uploads\/2022\/12\/membres-ceel.jpg?resize=300%2C300&amp;ssl=1 300w, https:\/\/i0.wp.com\/phylacteres-bd.fr\/wp-content\/uploads\/2022\/12\/membres-ceel.jpg?resize=150%2C150&amp;ssl=1 150w\" sizes=\"auto, (max-width: 500px) 100vw, 500px\" \/><\/figure>\n<\/div>\n<\/div>\n\n\n\n<div class=\"wp-block-columns has-neve-text-color-color has-text-color is-layout-flex wp-container-core-columns-is-layout-9d6595d7 wp-block-columns-is-layout-flex\">\n<div class=\"wp-block-column is-layout-flow wp-block-column-is-layout-flow\">\n<p>Dipl\u00f4m\u00e9e de l\u2019Ecole sup\u00e9rieure d\u2019art de Metz avec mention, C\u00e9line a suivi avec succ\u00e8s un DESS de communication en 2004. Ancienne coll\u00e8gue de&nbsp;<a href=\"http:\/\/www.ouaisweb.com\/auteurs\/index.php?pages\/Guillaume-Matthias\">Guigui<\/a>&nbsp;dans l&rsquo;infographie au studio Lotus Bleu, elle pratique \u00e9galement diverses techniques sur diff\u00e9rents supports (encre de chine, plumes, pinceaux, peintures, photoshop, illustrator). Enfin, son originalit\u00e9 \u00e9tant qu\u2019elle r\u00e9alise des sculptures pouvant \u00eatre \u00e0 vocation professionnelle. Pour&nbsp;<em><strong><a href=\"http:\/\/bk.ouaisweb.com\/\">BERTRAND KEUFTERIAN<\/a><\/strong><\/em> elle r\u00e9alise les couleurs depuis le num\u00e9ro 2. Depuis cette exp\u00e9rience elle est pass\u00e9 coloriste professionnelle en 2012, chez Gl\u00e9nat, Casterman, les \u00e9ditions Sarbacanes, des Ronds dans l&rsquo;O et bien d&rsquo;autres \u00e9diteurs&#8230;<\/p>\n\n\n\n<p>Site Internet :&nbsp;<a href=\"http:\/\/www.epidermiq.com\/\">http:\/\/www.epidermiq.com<\/a><br>Contact :&nbsp;<a href=\"mailto:celine.labriet@epidermiq.com\">celine.labriet@epidermiq.com<\/a>&nbsp;&nbsp;<\/p>\n\n\n\n<hr class=\"wp-block-separator has-text-color has-neve-link-color-color has-alpha-channel-opacity has-neve-link-color-background-color has-background\"\/>\n\n\n\n<h3 class=\"has-nv-c-2-color has-text-color wp-block-heading\"><strong>Bibliographie :<\/strong><\/h3>\n\n\n\n<h4 class=\"has-nv-c-1-color has-text-color wp-block-heading\"><strong>Chez Phylact\u00e8res :<\/strong><\/h4>\n\n\n\n<p><strong>Couleurs&nbsp;:<\/strong><br>Illustration Ecrito (dessin :&nbsp;<a href=\"http:\/\/www.ouaisweb.com\/auteurs\/index.php?pages\/Guillaume-Matthias\">Guigui<\/a>&nbsp;&#8211;&nbsp;<a href=\"http:\/\/nonsi.ouaisweb.com\/index.php?pages\/NONSi%21-n%C2%B05\"><em>NON?Si!<\/em>&nbsp;n\u00b05<\/a>)<br><em><a href=\"http:\/\/nonsi.ouaisweb.com\/index.php?post\/2010\/07\/25\/I-had-a-dream\">I had a dream agency<\/a>&nbsp;<\/em>(sc\u00e9nario :&nbsp;<a href=\"http:\/\/www.ouaisweb.com\/auteurs\/index.php?pages\/Florent-Baudry\">Lokorst<\/a>, dessin : Frantz P\u00e9tard &#8211;&nbsp;<a href=\"http:\/\/nonsi.ouaisweb.com\/index.php?pages\/NONSi%21-n%C2%B06\"><em>NON?Si!<\/em>&nbsp;n\u00b06<\/a>)<br>Couverture&nbsp;<a href=\"http:\/\/nonsi.ouaisweb.com\/index.php?pages\/NONSi%21-n%C2%B08\"><em>NON?Si!<\/em>&nbsp;n\u00b08<\/a>&nbsp;(dessin :&nbsp;<a href=\"http:\/\/www.ouaisweb.com\/auteurs\/index.php?pages\/Guillaume-Matthias\">Guigui<\/a>)<br><a href=\"http:\/\/vhb.ouaisweb.com\/index.php?pages\/Still-Human\"><em>VHB n\u00b03 &#8211; Still Human<\/em><\/a>,&nbsp;<em>Jour J -8<\/em>, (sc\u00e9nario :&nbsp;<a href=\"http:\/\/www.ouaisweb.com\/auteurs\/index.php?pages\/Florent-Baudry\">Lokorst<\/a>, dessin : Frantz P\u00e9tard)<br><a href=\"http:\/\/bk.ouaisweb.com\/index.php?pages\/Bertrand-Keufterian-n%C2%B02\">Les aventures de Bertrand Keufterian n\u00b02<\/a>&nbsp;(dessin :&nbsp;<a href=\"http:\/\/www.ouaisweb.com\/auteurs\/index.php?pages\/Guillaume-Matthias\">Guigui<\/a>)<br><a href=\"http:\/\/bk.ouaisweb.com\/index.php?pages\/Bertrand-Keufterian-n%C2%B03\">Les aventures de Bertrand Keufterian n\u00b03<\/a>&nbsp;(dessin :&nbsp;<a href=\"http:\/\/www.ouaisweb.com\/auteurs\/index.php?pages\/Guillaume-Matthias\">Guigui<\/a>)<\/p>\n\n\n\n<p><strong>BD :<\/strong><br><a href=\"http:\/\/vhb.ouaisweb.com\/index.php?post\/2007\/11\/30\/151-monsieur\"><em>Monsieur<\/em><\/a>\u00a0(texte :\u00a0<a href=\"http:\/\/www.ouaisweb.com\/auteurs\/index.php?pages\/Florent-Baudry\">Lokorst\u00a0<\/a>&#8211; Interlude V.H.B.)<br><a href=\"http:\/\/bk.ouaisweb.com\/index.php?pages\/LE-CONCEPT\"><em>Les aventures de Bertrand Keufterian<\/em>\u00a0n\u00b01<\/a>\u00a0(couleurs : Solynk avec une aide de\u00a0<a href=\"http:\/\/www.ouaisweb.com\/auteurs\/index.php?pages\/C%C3%A9line-Labriet\">Ceel<\/a>\u00a0sur certains d\u00e9cors)<br><a href=\"http:\/\/bk.ouaisweb.com\/index.php?pages\/Zone-57-n%C2%B01\">Bertrand Keufterian :\u00a0zone 57<\/a>\u00a0(couleurs :\u00a0<a href=\"http:\/\/www.ouaisweb.com\/auteurs\/index.php?pages\/C%C3%A9line-Labriet\">Ceel<\/a>)<\/p>\n\n\n\n<p><strong>Illustration :<\/strong><br>&nbsp;l&rsquo;Ecrito&nbsp;(<a href=\"http:\/\/nonsi.ouaisweb.com\/index.php?pages\/NONSi%21-n%C2%B08\"><em>NON?Si!<\/em>&nbsp;n\u00b08<\/a>)<\/p>\n\n\n\n<p><strong>Sc\u00e9nario&nbsp;:<\/strong><br><em>Nicotine Quest<\/em>&nbsp;(dessin et couleur&nbsp;: Tibo &#8211;&nbsp;<a href=\"http:\/\/nonsi.ouaisweb.com\/index.php?pages\/NONSi%21-n%C2%B08\"><em>NON?Si!<\/em>&nbsp;n\u00b08<\/a>)<\/p>\n\n\n\n<h4 class=\"has-nv-c-1-color has-text-color wp-block-heading\">Mais aussi :<\/h4>\n\n\n\n<p class=\"has-neve-text-color-color has-text-color\">Couleur de BD de&nbsp;<strong>Chris Malgrain<\/strong>&nbsp;chez&nbsp;<a href=\"http:\/\/oniric-comics.com\/\"><strong>ONIRIC Comics<\/strong><\/a><br>Couleur de BD :&nbsp;<a href=\"http:\/\/www.bedetheque.com\/serie-13695-BD-Decalogue-Les-Fleury-Nadal.html\">D\u00e9calogue (Le) &#8211; Les Fleury-Nadal<\/a>&nbsp;(dessin : Mezzomo)&nbsp;chez&nbsp;<strong>Gl\u00e9nat<\/strong><br>Couleur de BD :&nbsp;&nbsp;3 tomes de&nbsp;<a href=\"http:\/\/www.bedetheque.com\/serie-39611-BD-Mexicana.html\">Mexicana<\/a>&nbsp;(dessin : Mezzomo)&nbsp;chez&nbsp;<strong>Gl\u00e9nat<\/strong><br>Couleur couverture :&nbsp;<a href=\"http:\/\/www.bedetheque.com\/serie-44455-BD-CRA-Centre-de-Retention-Administrative.html\">CRA (Centre de R\u00e9tention Administrative)<\/a>&nbsp;pour&nbsp;<strong>Des Ronds dans l&rsquo;O<\/strong><br>Couleur de BD : &nbsp;2&nbsp;tomes de&nbsp;<a href=\"http:\/\/www.bedetheque.com\/serie-43636-BD-Prolongations.html\">Prolongations<\/a>&nbsp;pour&nbsp;<strong>Des Ronds dans l&rsquo;O<\/strong><br>Couleur dessin :&nbsp;<a href=\"http:\/\/editions-sarbacane.com\/shen-shan-destination-hollywood\/\">Shen Shan : Destination Hollywood !\u200b<\/a>&nbsp;pour les \u00e9ditions Sarbacanes<br>Couleur couverture :&nbsp;collections comics&nbsp;chez&nbsp;<strong>Gl\u00e9nat<\/strong><br>Couleur de BD : &nbsp;1&nbsp;tome&nbsp;de&nbsp;<a href=\"http:\/\/www.bedetheque.com\/BD-Grands-Peintres-Tome-15-Gericault-282373.html\">Les grands peintres : G\u00e9ricault<\/a>&nbsp;pour&nbsp;<strong>Gl\u00e9nat<\/strong><br>Couleur de BD : &nbsp;1&nbsp;tome&nbsp;de&nbsp;<a href=\"http:\/\/www.bedetheque.com\/serie-51679-BD-Rimbaud-L-explorateur-maudit.html\">Rimbaud &#8211; L&rsquo;explorateur maudit<\/a>&nbsp;pour&nbsp;<strong>Gl\u00e9nat<\/strong><br>Couleur de BD : &nbsp;2&nbsp;tomes de&nbsp;<a href=\"http:\/\/www.bedetheque.com\/serie-53751-BD-Tiago-Solan.html\">Tiago Solan<\/a>&nbsp;pour&nbsp;<strong>Gl\u00e9nat<\/strong><\/p>\n<\/div>\n<\/div>\n\n\n\n<div style=\"height:0px\" aria-hidden=\"true\" class=\"wp-block-spacer\"><\/div>\n<\/div><\/div>\n\n\n\n<h3 class=\"has-nv-c-2-color has-text-color wp-block-heading\">Images de C\u00e9line : <\/h3>\n","protected":false},"excerpt":{"rendered":"<p>Images de C\u00e9line :<\/p>\n","protected":false},"author":1,"featured_media":0,"parent":9,"menu_order":0,"comment_status":"closed","ping_status":"closed","template":"","meta":{"neve_meta_sidebar":"","neve_meta_container":"","neve_meta_enable_content_width":"on","neve_meta_content_width":70,"neve_meta_title_alignment":"","neve_meta_author_avatar":"","neve_post_elements_order":"","neve_meta_disable_header":"","neve_meta_disable_footer":"","neve_meta_disable_title":"","_themeisle_gutenberg_block_has_review":false,"footnotes":""},"class_list":["post-454","page","type-page","status-publish","hentry"],"jetpack_sharing_enabled":true,"_links":{"self":[{"href":"https:\/\/phylacteres-bd.fr\/index.php\/wp-json\/wp\/v2\/pages\/454","targetHints":{"allow":["GET"]}}],"collection":[{"href":"https:\/\/phylacteres-bd.fr\/index.php\/wp-json\/wp\/v2\/pages"}],"about":[{"href":"https:\/\/phylacteres-bd.fr\/index.php\/wp-json\/wp\/v2\/types\/page"}],"author":[{"embeddable":true,"href":"https:\/\/phylacteres-bd.fr\/index.php\/wp-json\/wp\/v2\/users\/1"}],"replies":[{"embeddable":true,"href":"https:\/\/phylacteres-bd.fr\/index.php\/wp-json\/wp\/v2\/comments?post=454"}],"version-history":[{"count":5,"href":"https:\/\/phylacteres-bd.fr\/index.php\/wp-json\/wp\/v2\/pages\/454\/revisions"}],"predecessor-version":[{"id":582,"href":"https:\/\/phylacteres-bd.fr\/index.php\/wp-json\/wp\/v2\/pages\/454\/revisions\/582"}],"up":[{"embeddable":true,"href":"https:\/\/phylacteres-bd.fr\/index.php\/wp-json\/wp\/v2\/pages\/9"}],"wp:attachment":[{"href":"https:\/\/phylacteres-bd.fr\/index.php\/wp-json\/wp\/v2\/media?parent=454"}],"curies":[{"name":"wp","href":"https:\/\/api.w.org\/{rel}","templated":true}]}}