{"id":1619,"date":"2026-03-13T13:40:51","date_gmt":"2026-03-13T12:40:51","guid":{"rendered":"https:\/\/phylacteres-bd.fr\/?post_type=tribe_events&#038;p=1619"},"modified":"2026-03-13T13:40:51","modified_gmt":"2026-03-13T12:40:51","slug":"le-livre-a-metz-2026","status":"publish","type":"tribe_events","link":"https:\/\/phylacteres-bd.fr\/index.php\/event\/le-livre-a-metz-2026\/","title":{"rendered":"Le Livre \u00e0 Metz 2026"},"content":{"rendered":"<p>Le festival \u00ab\u00a0Le Livre \u00e0 Metz &#8211; Litt\u00e9rature &amp; Journalisme\u00a0\u00bb se distingue en tant que manifestation majeure ax\u00e9e sur la convergence des \u00e9critures et l&rsquo;appropriation du r\u00e9el par la fiction. En tant que forum de d\u00e9bats et d&rsquo;\u00e9changes, ce festival, d\u00e9di\u00e9 \u00e0 la lecture et \u00e0 la narration du monde, facilite des rencontres originales et conviviales entre auteurs et lecteurs. Sur une p\u00e9riode de trois jours, il attire, en temps normal, plus de 30 000 visiteurs. Plus de 200 auteurs, tant r\u00e9gionaux que nationaux et internationaux, y participent, et pr\u00e8s de 70 \u00e9v\u00e9nements sont soigneusement programm\u00e9s, englobant des spectacles, des rencontres, des d\u00e9bats, des ap\u00e9ros philo, des expositions, des ateliers jeunesse et bande dessin\u00e9e, entre autres. Ces m\u00e9diations diverses visent \u00e0 toucher un public aussi large que possible. Le festival repr\u00e9sente une opportunit\u00e9 id\u00e9ale pour promouvoir la lecture litt\u00e9raire et journalistique en tant que moyen de d\u00e9crypter le monde, tout en offrant un moment de d\u00e9tente et de plaisir.<\/p>\n<p>Guigui se pr\u00e9sent le vendredi sur le stand de HISLER BD !<\/p>\n","protected":false},"excerpt":{"rendered":"<p>Le festival \u00ab\u00a0Le Livre \u00e0 Metz &#8211; Litt\u00e9rature &amp; Journalisme\u00a0\u00bb se distingue en tant que manifestation majeure ax\u00e9e sur la convergence des \u00e9critures et l&rsquo;appropriation du r\u00e9el par la fiction.&hellip;&nbsp;<a href=\"https:\/\/phylacteres-bd.fr\/index.php\/event\/le-livre-a-metz-2026\/\" rel=\"bookmark\">Lire la suite &raquo;<span class=\"screen-reader-text\">Le Livre \u00e0 Metz 2026<\/span><\/a><\/p>\n","protected":false},"author":1,"featured_media":1620,"template":"","meta":{"neve_meta_sidebar":"","neve_meta_container":"","neve_meta_enable_content_width":"","neve_meta_content_width":0,"neve_meta_title_alignment":"","neve_meta_author_avatar":"","neve_post_elements_order":"","neve_meta_disable_header":"","neve_meta_disable_footer":"","neve_meta_disable_title":"","_themeisle_gutenberg_block_has_review":false,"_tribe_events_status":"","_tribe_events_status_reason":"","footnotes":""},"tags":[4],"tribe_events_cat":[28],"class_list":["post-1619","tribe_events","type-tribe_events","status-publish","has-post-thumbnail","hentry","tag-metz","tribe_events_cat-festival-bd","cat_festival-bd"],"jetpack_sharing_enabled":true,"_links":{"self":[{"href":"https:\/\/phylacteres-bd.fr\/index.php\/wp-json\/wp\/v2\/tribe_events\/1619","targetHints":{"allow":["GET"]}}],"collection":[{"href":"https:\/\/phylacteres-bd.fr\/index.php\/wp-json\/wp\/v2\/tribe_events"}],"about":[{"href":"https:\/\/phylacteres-bd.fr\/index.php\/wp-json\/wp\/v2\/types\/tribe_events"}],"author":[{"embeddable":true,"href":"https:\/\/phylacteres-bd.fr\/index.php\/wp-json\/wp\/v2\/users\/1"}],"version-history":[{"count":1,"href":"https:\/\/phylacteres-bd.fr\/index.php\/wp-json\/wp\/v2\/tribe_events\/1619\/revisions"}],"predecessor-version":[{"id":1622,"href":"https:\/\/phylacteres-bd.fr\/index.php\/wp-json\/wp\/v2\/tribe_events\/1619\/revisions\/1622"}],"wp:featuredmedia":[{"embeddable":true,"href":"https:\/\/phylacteres-bd.fr\/index.php\/wp-json\/wp\/v2\/media\/1620"}],"wp:attachment":[{"href":"https:\/\/phylacteres-bd.fr\/index.php\/wp-json\/wp\/v2\/media?parent=1619"}],"wp:term":[{"taxonomy":"post_tag","embeddable":true,"href":"https:\/\/phylacteres-bd.fr\/index.php\/wp-json\/wp\/v2\/tags?post=1619"},{"taxonomy":"tribe_events_cat","embeddable":true,"href":"https:\/\/phylacteres-bd.fr\/index.php\/wp-json\/wp\/v2\/tribe_events_cat?post=1619"}],"curies":[{"name":"wp","href":"https:\/\/api.w.org\/{rel}","templated":true}]}}

Le Livre à Metz 2026

<p>Le festival « Le Livre à Metz &#8211; Littérature &amp; Journalisme » se distingue en tant que manifestation majeure axée sur la convergence des écritures et l&rsquo;appropriation du réel par la fiction. En tant que forum de débats et d&rsquo;échanges, ce festival, dédié à la lecture et à la narration du monde, facilite des rencontres originales et conviviales entre auteurs et lecteurs. Sur une période de trois jours, il attire, en temps normal, plus de 30 000 visiteurs. Plus de 200 auteurs, tant régionaux que nationaux et internationaux, y participent, et près de 70 événements sont soigneusement programmés, englobant des spectacles, des rencontres, des débats, des apéros philo, des expositions, des ateliers jeunesse et bande dessinée, entre autres. Ces médiations diverses visent à toucher un public aussi large que possible. Le festival représente une opportunité idéale pour promouvoir la lecture littéraire et journalistique en tant que moyen de décrypter le monde, tout en offrant un moment de détente et de plaisir.</p>
<p>Guigui se présent le vendredi sur le stand de HISLER BD !</p>

<p>Le festival « Le Livre à Metz &#8211; Littérature &amp; Journalisme » se distingue en tant que manifestation majeure axée sur la convergence des écritures et l&rsquo;appropriation du réel par la fiction.&hellip;&nbsp;<a href="https://phylacteres-bd.fr/index.php/event/le-livre-a-metz-2026/" rel="bookmark">Lire la suite &raquo;<span class="screen-reader-text">Le Livre à Metz 2026</span></a></p>
